{"id":579,"date":"2019-07-08T06:41:38","date_gmt":"2019-07-08T06:41:38","guid":{"rendered":"http:\/\/demo.dithemes.com\/di-restaurant\/?post_type=product&#038;p=579"},"modified":"2024-04-09T15:42:37","modified_gmt":"2024-04-09T15:42:37","slug":"camarones-panko","status":"publish","type":"product","link":"https:\/\/sanjosedepuembo.com\/guestservice\/producto\/camarones-panko\/","title":{"rendered":"Picada De Camarones Al Panko  \/ Panko Shrimp Starter"},"content":{"rendered":"<h1>Diez camarones crocantes apanados con panko y servidos con la salsa de su elecci\u00f3n que pueden ser: salsa de c\u00f3ctel a base de tomate, teriyaki o salsa t\u00e1rtara.<\/h1>\n<p><strong>CONTIENE:<\/strong> HUEVOS, CAMARONES, GLUTEN (TRIGO), SOYA (SALSA TERIYAKI)<\/p>\n<p>&nbsp;<\/p>\n<h1><em>Ten crispy Panko-breaded shrimps, served with the sauce of your choice: Cocktail souse, teriyaki or tartar)<\/em><\/h1>\n<p><em><strong>CONTAINS:<\/strong> EGGS, SHRIMP, GLUTEN (WHEAT), SOY (TERIYAKI SAUCE)<\/em><\/p>\n","protected":false},"excerpt":{"rendered":"<p>Diez camarones crocantes apanados con panko y servidos con la salsa de su elecci\u00f3n que pueden ser: salsa de c\u00f3ctel a base de tomate, teriyaki o salsa t\u00e1rtara. CONTIENE: HUEVOS, CAMARONES, GLUTEN (TRIGO), SOYA (SALSA TERIYAKI) &nbsp; Ten crispy Panko-breaded&#8230; <\/p>\n<div class=\"readmore-section\"><a class=\"readmore-btn\" href=\"https:\/\/sanjosedepuembo.com\/guestservice\/producto\/camarones-panko\/\">Seguir leyendo <i class=\"fa fa-arrow-right\"><\/i><\/a><\/div>\n","protected":false},"featured_media":1243,"template":"","meta":{"nf_dc_page":""},"product_brand":[],"product_cat":[40,65,86],"product_tag":[],"class_list":{"0":"post-579","1":"product","2":"type-product","3":"status-publish","4":"has-post-thumbnail","6":"product_cat-aperitivos","7":"product_cat-aperitivosrs","8":"product_cat-entradasgeneral","10":"first","11":"instock","12":"shipping-taxable","13":"purchasable","14":"product-type-simple"},"_links":{"self":[{"href":"https:\/\/sanjosedepuembo.com\/guestservice\/wp-json\/wp\/v2\/product\/579","targetHints":{"allow":["GET"]}}],"collection":[{"href":"https:\/\/sanjosedepuembo.com\/guestservice\/wp-json\/wp\/v2\/product"}],"about":[{"href":"https:\/\/sanjosedepuembo.com\/guestservice\/wp-json\/wp\/v2\/types\/product"}],"wp:featuredmedia":[{"embeddable":true,"href":"https:\/\/sanjosedepuembo.com\/guestservice\/wp-json\/wp\/v2\/media\/1243"}],"wp:attachment":[{"href":"https:\/\/sanjosedepuembo.com\/guestservice\/wp-json\/wp\/v2\/media?parent=579"}],"wp:term":[{"taxonomy":"product_brand","embeddable":true,"href":"https:\/\/sanjosedepuembo.com\/guestservice\/wp-json\/wp\/v2\/product_brand?post=579"},{"taxonomy":"product_cat","embeddable":true,"href":"https:\/\/sanjosedepuembo.com\/guestservice\/wp-json\/wp\/v2\/product_cat?post=579"},{"taxonomy":"product_tag","embeddable":true,"href":"https:\/\/sanjosedepuembo.com\/guestservice\/wp-json\/wp\/v2\/product_tag?post=579"}],"curies":[{"name":"wp","href":"https:\/\/api.w.org\/{rel}","templated":true}]}}