{"id":568,"date":"2019-07-08T06:23:17","date_gmt":"2019-07-08T06:23:17","guid":{"rendered":"http:\/\/demo.dithemes.com\/di-restaurant\/?post_type=product&#038;p=568"},"modified":"2024-04-09T15:43:06","modified_gmt":"2024-04-09T15:43:06","slug":"pulpo","status":"publish","type":"product","link":"https:\/\/sanjosedepuembo.com\/guestservice\/producto\/pulpo\/","title":{"rendered":"Pulpo A La Gallega \/ Gallega-Style Octopus"},"content":{"rendered":"<h1>Pulpo cocido a baja temperatura y acompa\u00f1ado con papas chauchas andinas, tomate cherry y aceitunas. Salteado en mantequilla con vino blanco, azafr\u00e1n, piment\u00f3n y aceite de oliva.<\/h1>\n<p><strong>CONTIENE:<\/strong> LECHE, PULPO.<\/p>\n<p>&nbsp;<\/p>\n<h1><em>Slow cooked octopus, served with small \u201cchaucha\u201d andean white potatoes, cherry tomatoes and olives. Saut\u00e9ed in butter with white wine, saffron, paprika, and olive oil.<\/em><\/h1>\n<p><em><strong>CONTAINS:<\/strong> MILK, OCTOPUS<\/em><\/p>\n<p>&nbsp;<\/p>\n<p>&nbsp;<\/p>\n","protected":false},"excerpt":{"rendered":"<p>Pulpo cocido a baja temperatura y acompa\u00f1ado con papas chauchas andinas, tomate cherry y aceitunas. Salteado en mantequilla con vino blanco, azafr\u00e1n, piment\u00f3n y aceite de oliva. CONTIENE: LECHE, PULPO. &nbsp; Slow cooked octopus, served with small \u201cchaucha\u201d andean white&#8230; <\/p>\n<div class=\"readmore-section\"><a class=\"readmore-btn\" href=\"https:\/\/sanjosedepuembo.com\/guestservice\/producto\/pulpo\/\">Seguir leyendo <i class=\"fa fa-arrow-right\"><\/i><\/a><\/div>\n","protected":false},"featured_media":1257,"template":"","meta":{"nf_dc_page":""},"product_brand":[],"product_cat":[15],"product_tag":[],"class_list":{"0":"post-568","1":"product","2":"type-product","3":"status-publish","4":"has-post-thumbnail","6":"product_cat-uncategorized","8":"first","9":"outofstock","10":"shipping-taxable","11":"product-type-simple"},"_links":{"self":[{"href":"https:\/\/sanjosedepuembo.com\/guestservice\/wp-json\/wp\/v2\/product\/568","targetHints":{"allow":["GET"]}}],"collection":[{"href":"https:\/\/sanjosedepuembo.com\/guestservice\/wp-json\/wp\/v2\/product"}],"about":[{"href":"https:\/\/sanjosedepuembo.com\/guestservice\/wp-json\/wp\/v2\/types\/product"}],"wp:featuredmedia":[{"embeddable":true,"href":"https:\/\/sanjosedepuembo.com\/guestservice\/wp-json\/wp\/v2\/media\/1257"}],"wp:attachment":[{"href":"https:\/\/sanjosedepuembo.com\/guestservice\/wp-json\/wp\/v2\/media?parent=568"}],"wp:term":[{"taxonomy":"product_brand","embeddable":true,"href":"https:\/\/sanjosedepuembo.com\/guestservice\/wp-json\/wp\/v2\/product_brand?post=568"},{"taxonomy":"product_cat","embeddable":true,"href":"https:\/\/sanjosedepuembo.com\/guestservice\/wp-json\/wp\/v2\/product_cat?post=568"},{"taxonomy":"product_tag","embeddable":true,"href":"https:\/\/sanjosedepuembo.com\/guestservice\/wp-json\/wp\/v2\/product_tag?post=568"}],"curies":[{"name":"wp","href":"https:\/\/api.w.org\/{rel}","templated":true}]}}