{"id":1810,"date":"2020-07-09T21:01:04","date_gmt":"2020-07-09T21:01:04","guid":{"rendered":"https:\/\/sanjosedepuembo.com\/guestservice\/?post_type=product&#038;p=1810"},"modified":"2021-03-08T18:00:55","modified_gmt":"2021-03-08T18:00:55","slug":"opcion-2","status":"publish","type":"product","link":"https:\/\/sanjosedepuembo.com\/guestservice\/producto\/opcion-2\/","title":{"rendered":"Opci\u00f3n 2 &#8211; Ceviche de langostinos"},"content":{"rendered":"<p>Langostinos marinados al estilo manaba con lim\u00f3n de pica, tomate, cilantro, cebolla paite\u00f1a. Perfumado con fresca emulsi\u00f3n de coco y aguacate.<\/p>\n","protected":false},"excerpt":{"rendered":"<p>Langostinos marinados al estilo manaba con lim\u00f3n de pica, tomate, cilantro, cebolla paite\u00f1a. Perfumado con fresca emulsi\u00f3n de coco y aguacate.<\/p>\n","protected":false},"featured_media":1900,"template":"","meta":{"nf_dc_page":""},"product_brand":[],"product_cat":[15],"product_tag":[],"class_list":{"0":"post-1810","1":"product","2":"type-product","3":"status-publish","4":"has-post-thumbnail","6":"product_cat-uncategorized","8":"first","9":"instock","10":"shipping-taxable","11":"purchasable","12":"product-type-simple"},"_links":{"self":[{"href":"https:\/\/sanjosedepuembo.com\/guestservice\/wp-json\/wp\/v2\/product\/1810","targetHints":{"allow":["GET"]}}],"collection":[{"href":"https:\/\/sanjosedepuembo.com\/guestservice\/wp-json\/wp\/v2\/product"}],"about":[{"href":"https:\/\/sanjosedepuembo.com\/guestservice\/wp-json\/wp\/v2\/types\/product"}],"wp:featuredmedia":[{"embeddable":true,"href":"https:\/\/sanjosedepuembo.com\/guestservice\/wp-json\/wp\/v2\/media\/1900"}],"wp:attachment":[{"href":"https:\/\/sanjosedepuembo.com\/guestservice\/wp-json\/wp\/v2\/media?parent=1810"}],"wp:term":[{"taxonomy":"product_brand","embeddable":true,"href":"https:\/\/sanjosedepuembo.com\/guestservice\/wp-json\/wp\/v2\/product_brand?post=1810"},{"taxonomy":"product_cat","embeddable":true,"href":"https:\/\/sanjosedepuembo.com\/guestservice\/wp-json\/wp\/v2\/product_cat?post=1810"},{"taxonomy":"product_tag","embeddable":true,"href":"https:\/\/sanjosedepuembo.com\/guestservice\/wp-json\/wp\/v2\/product_tag?post=1810"}],"curies":[{"name":"wp","href":"https:\/\/api.w.org\/{rel}","templated":true}]}}