{"id":1142,"date":"2020-05-22T17:09:20","date_gmt":"2020-05-22T17:09:20","guid":{"rendered":"https:\/\/sanjosedepuembo.com\/guestservice\/?post_type=product&#038;p=1142"},"modified":"2024-04-09T15:36:09","modified_gmt":"2024-04-09T15:36:09","slug":"club-sandwich-san-jose-san-jose-club-sandwich","status":"publish","type":"product","link":"https:\/\/sanjosedepuembo.com\/guestservice\/producto\/club-sandwich-san-jose-san-jose-club-sandwich\/","title":{"rendered":"Club S\u00e1ndwich San Jos\u00e9 \/ San Jos\u00e9 Club Sandwich"},"content":{"rendered":"<h1>Preparado de la manera cl\u00e1sica, pechuga de pollo a la plancha, tomate, lechuga, jam\u00f3n, tocino crocante, huevo frito y queso holand\u00e9s. Acompa\u00f1ado de papas fritas.<\/h1>\n<p><strong>CONTIENE:<\/strong> LECHE, GLUTEN (TRIGO)<\/p>\n<h1><em>Made in the classical way, grilled chicken breast sandwich with tomato, lettuce, ham, crispy bacon, a fried egg and Dutch cheese.\u00a0 French fries are served as a side dish.<\/em><\/h1>\n<p><em><strong>CONTAINS:<\/strong> MILK, GLUTEN (WHEAT)<\/em><\/p>\n","protected":false},"excerpt":{"rendered":"<p>Preparado de la manera cl\u00e1sica, pechuga de pollo a la plancha, tomate, lechuga, jam\u00f3n, tocino crocante, huevo frito y queso holand\u00e9s. Acompa\u00f1ado de papas fritas. CONTIENE: LECHE, GLUTEN (TRIGO) Made in the classical way, grilled chicken breast sandwich with tomato,&#8230; <\/p>\n<div class=\"readmore-section\"><a class=\"readmore-btn\" href=\"https:\/\/sanjosedepuembo.com\/guestservice\/producto\/club-sandwich-san-jose-san-jose-club-sandwich\/\">Seguir leyendo <i class=\"fa fa-arrow-right\"><\/i><\/a><\/div>\n","protected":false},"featured_media":1385,"template":"","meta":{"nf_dc_page":""},"product_brand":[],"product_cat":[57,69],"product_tag":[],"class_list":{"0":"post-1142","1":"product","2":"type-product","3":"status-publish","4":"has-post-thumbnail","6":"product_cat-sanduchesyhamb","7":"product_cat-sandyhambrs","9":"first","10":"instock","11":"shipping-taxable","12":"purchasable","13":"product-type-simple"},"_links":{"self":[{"href":"https:\/\/sanjosedepuembo.com\/guestservice\/wp-json\/wp\/v2\/product\/1142","targetHints":{"allow":["GET"]}}],"collection":[{"href":"https:\/\/sanjosedepuembo.com\/guestservice\/wp-json\/wp\/v2\/product"}],"about":[{"href":"https:\/\/sanjosedepuembo.com\/guestservice\/wp-json\/wp\/v2\/types\/product"}],"wp:featuredmedia":[{"embeddable":true,"href":"https:\/\/sanjosedepuembo.com\/guestservice\/wp-json\/wp\/v2\/media\/1385"}],"wp:attachment":[{"href":"https:\/\/sanjosedepuembo.com\/guestservice\/wp-json\/wp\/v2\/media?parent=1142"}],"wp:term":[{"taxonomy":"product_brand","embeddable":true,"href":"https:\/\/sanjosedepuembo.com\/guestservice\/wp-json\/wp\/v2\/product_brand?post=1142"},{"taxonomy":"product_cat","embeddable":true,"href":"https:\/\/sanjosedepuembo.com\/guestservice\/wp-json\/wp\/v2\/product_cat?post=1142"},{"taxonomy":"product_tag","embeddable":true,"href":"https:\/\/sanjosedepuembo.com\/guestservice\/wp-json\/wp\/v2\/product_tag?post=1142"}],"curies":[{"name":"wp","href":"https:\/\/api.w.org\/{rel}","templated":true}]}}