{"id":1718,"date":"2020-06-24T18:23:21","date_gmt":"2020-06-24T18:23:21","guid":{"rendered":"https:\/\/sanjosedepuembo.com\/guestservice\/?page_id=1718"},"modified":"2020-06-24T18:28:05","modified_gmt":"2020-06-24T18:28:05","slug":"piscina-campestre-y-spa-the-campestre-and-spa-swimming-pools","status":"publish","type":"page","link":"https:\/\/sanjosedepuembo.com\/guestservice\/piscina-campestre-y-spa-the-campestre-and-spa-swimming-pools\/","title":{"rendered":"Piscina Campestre y SPA \/ The &#8220;Campestre&#8221; and SPA swimming pools"},"content":{"rendered":"\t\t<div data-elementor-type=\"wp-page\" data-elementor-id=\"1718\" class=\"elementor elementor-1718\">\n\t\t\t\t\t\t<section class=\"elementor-section elementor-top-section elementor-element elementor-element-4fd99fd elementor-section-boxed elementor-section-height-default elementor-section-height-default\" data-id=\"4fd99fd\" data-element_type=\"section\" data-e-type=\"section\">\n\t\t\t\t\t\t<div class=\"elementor-container elementor-column-gap-default\">\n\t\t\t\t\t<div class=\"elementor-column elementor-col-50 elementor-top-column elementor-element elementor-element-8a9190c\" data-id=\"8a9190c\" data-element_type=\"column\" data-e-type=\"column\">\n\t\t\t<div class=\"elementor-widget-wrap elementor-element-populated\">\n\t\t\t\t\t\t<div class=\"elementor-element elementor-element-5a071e0 elementor-widget elementor-widget-text-editor\" data-id=\"5a071e0\" data-element_type=\"widget\" data-e-type=\"widget\" data-widget_type=\"text-editor.default\">\n\t\t\t\t<div class=\"elementor-widget-container\">\n\t\t\t\t\t\t\t\t\t<p><strong><em>Para su disfrute contamos con dos piscinas temperadas:<\/em><\/strong><\/p><p><strong>La piscina campestre<\/strong> es temperada mediante energ\u00eda solar, est\u00e1 ubicada en el extremo norte del hotel, perfecta para asolearse, relajarse y disfrutar en familia:<\/p><p>\u2022 Abierta los fines de semana y d\u00edas feriados de <strong>10:30 a 16:00<\/strong>.<\/p><p><strong>La piscina del SPA<\/strong>, cuenta con instalaciones h\u00famedas como son: dos hidromasajes, sauna, turco.<\/p><p>\u2022 Abierta todos los d\u00edas de <strong>10:00 a 19:00<\/strong>.<\/p><p>Por razones de ahorro de energ\u00eda la piscina puede encontrarse tapada con una manta t\u00e9rmica. Por favor comunicarse con recepci\u00f3n para que nuestro personal retire la manta.<\/p><p><strong>PRECAUCI\u00d3N<\/strong> No tenemos salvavidas, nade bajo su propio riesgo.<\/p><p>\u2022 Por favor d\u00fachese antes de usar la piscina, sauna o turco.<br \/>\u2022 Es obligatorio el uso de sandalias y terno de ba\u00f1o.<br \/>\u2022 Las personas con cabello largo deben usar gorros de ba\u00f1o, si no tiene puede comprar uno en recepci\u00f3n.<br \/>\u2022 Solicitamos que no se usen cremas, aceites, mascarillas y\/o bebidas en el sauna y en el turco.<br \/>\u2022 Ni\u00f1os menores de 12 a\u00f1os deben estar acompa\u00f1ados de un adulto.<br \/>\u2022 Deposite los objetos de valor en la caja fuerte de su habitaci\u00f3n, no nos responsabilizamos por objetos perdidos.<br \/>\u2022 Se proh\u00edben clavados.<\/p>\t\t\t\t\t\t\t\t<\/div>\n\t\t\t\t<\/div>\n\t\t\t\t\t<\/div>\n\t\t<\/div>\n\t\t\t\t<div class=\"elementor-column elementor-col-50 elementor-top-column elementor-element elementor-element-45eee93\" data-id=\"45eee93\" data-element_type=\"column\" data-e-type=\"column\">\n\t\t\t<div class=\"elementor-widget-wrap elementor-element-populated\">\n\t\t\t\t\t\t<div class=\"elementor-element elementor-element-32125f6 elementor-widget elementor-widget-text-editor\" data-id=\"32125f6\" data-element_type=\"widget\" data-e-type=\"widget\" data-widget_type=\"text-editor.default\">\n\t\t\t\t<div class=\"elementor-widget-container\">\n\t\t\t\t\t\t\t\t\t<p><em>For your enjoyment we have two heated swimming pools:<\/em><\/p><p><strong>The \u201cCampestre\u201d<\/strong> swimming pool is heated by solar energy, is located in the northern part of the property, perfect for sunbathing and family entertainment.<\/p><p>\u2022 Open weekends and holidays from <strong>10:30 to 16:00<\/strong>.<\/p><p><strong>The SPA swimming pool<\/strong> area has two whirlpools, sauna and a steam bath.<\/p><p>\u2022 Open everyday from <strong>10:00 to 19:00<\/strong>.<\/p><p>For energy conservation reasons the swimming pool might be covered with a thermic blanket. Please contact front desk so our personal can remove the blanket.<\/p><p><strong>WARNING<\/strong> we do not have a lifeguard on duty so swim at your own risk.<\/p><p><br \/>\u2022 Please, have a shower before entering the swimming pool, sauna or steam bath. <br \/>\u2022 The use of swimsuit and sandals is compulsory.<br \/>\u2022 People with long hair must use swim cap, we have available for sale at front desk.<br \/>\u2022 We ask not to use creams, oils or treatments in the sauna and the steam bath.<br \/>\u2022 Kids under 12 years old or younger must be companied by an adult.<br \/>\u2022 Please leave your valuables in your room safe, we do not take responsibility for any lost item. <br \/>\u2022 Diving is not allowed.<\/p>\t\t\t\t\t\t\t\t<\/div>\n\t\t\t\t<\/div>\n\t\t\t\t\t<\/div>\n\t\t<\/div>\n\t\t\t\t\t<\/div>\n\t\t<\/section>\n\t\t\t\t<\/div>\n\t\t","protected":false},"excerpt":{"rendered":"<p>Para su disfrute contamos con dos piscinas temperadas: La piscina campestre es temperada mediante energ\u00eda solar, est\u00e1 ubicada en el extremo norte del hotel, perfecta para asolearse, relajarse y disfrutar en familia: \u2022 Abierta los fines de semana y d\u00edas&#8230; <\/p>\n<div class=\"readmore-section\"><a class=\"readmore-btn\" href=\"https:\/\/sanjosedepuembo.com\/guestservice\/piscina-campestre-y-spa-the-campestre-and-spa-swimming-pools\/\">Seguir leyendo <i class=\"fa fa-arrow-right\"><\/i><\/a><\/div>\n","protected":false},"author":1,"featured_media":0,"parent":0,"menu_order":0,"comment_status":"closed","ping_status":"closed","template":"","meta":{"nf_dc_page":"","footnotes":""},"class_list":["post-1718","page","type-page","status-publish","hentry"],"_links":{"self":[{"href":"https:\/\/sanjosedepuembo.com\/guestservice\/wp-json\/wp\/v2\/pages\/1718","targetHints":{"allow":["GET"]}}],"collection":[{"href":"https:\/\/sanjosedepuembo.com\/guestservice\/wp-json\/wp\/v2\/pages"}],"about":[{"href":"https:\/\/sanjosedepuembo.com\/guestservice\/wp-json\/wp\/v2\/types\/page"}],"author":[{"embeddable":true,"href":"https:\/\/sanjosedepuembo.com\/guestservice\/wp-json\/wp\/v2\/users\/1"}],"replies":[{"embeddable":true,"href":"https:\/\/sanjosedepuembo.com\/guestservice\/wp-json\/wp\/v2\/comments?post=1718"}],"version-history":[{"count":4,"href":"https:\/\/sanjosedepuembo.com\/guestservice\/wp-json\/wp\/v2\/pages\/1718\/revisions"}],"predecessor-version":[{"id":1723,"href":"https:\/\/sanjosedepuembo.com\/guestservice\/wp-json\/wp\/v2\/pages\/1718\/revisions\/1723"}],"wp:attachment":[{"href":"https:\/\/sanjosedepuembo.com\/guestservice\/wp-json\/wp\/v2\/media?parent=1718"}],"curies":[{"name":"wp","href":"https:\/\/api.w.org\/{rel}","templated":true}]}}